21571 prime?
True
Is 200413271 prime?
False
Is 10128089 prime?
True
Is 16568467 composite?
False
Is 9047687 prime?
False
Is 1245509 a prime number?
True
Is 48222689 prime?
True
Is 681413 a composite number?
True
Is 7984721 composite?
False
Is 26714539 prime?
False
Is 127739093 a prime number?
True
Is 165889331 a prime number?
True
Is 223429 composite?
False
Is 333686707 a prime number?
False
Is 13742249 composite?
False
Is 337967249 prime?
True
Is 87025283 composite?
False
Is 49614923 a composite number?
True
Is 19857295 prime?
False
Is 624509 prime?
True
Is 425489 a composite number?
False
Is 13584223 prime?
True
Is 1062759169 a composite number?
True
Is 11409433 composite?
True
Is 244669313 prime?
False
Is 89051807 a composite number?
True
Is 926273 prime?
True
Is 30089611 a prime number?
True
Is 259815229 prime?
True
Is 1130081 composite?
False
Is 21566681 a composite number?
False
Is 247690033 composite?
False
Is 64274797 a composite number?
True
Is 46901683 composite?
False
Is 730187 a prime number?
True
Is 32564463 a composite number?
True
Is 10746007 prime?
True
Is 13551281 prime?
False
Is 1714577 a composite number?
False
Is 6719659 prime?
False
Is 2229899 composite?
True
Is 59561743 prime?
False
Is 37553123 composite?
True
Is 563219 composite?
False
Is 129806489 composite?
False
Is 82883 a composite number?
False
Is 98766851 a composite number?
True
Is 190499065 composite?
True
Is 114101989 a prime number?
False
Is 1354229 composite?
False
Is 214622585 a prime number?
False
Is 16866127 a prime number?
True
Is 119864267 a prime number?
False
Is 5884217 prime?
True
Is 4855883 a prime number?
False
Is 222559 composite?
True
Is 144553209 prime?
False
Is 4280233 prime?
False
Is 3582809 a composite number?
False
Is 651043 composite?
False
Is 1712287 composite?
False
Is 5557723 composite?
False
Is 32919179 composite?
True
Is 1690595 a prime number?
False
Is 20031419 composite?
True
Is 3528211 composite?
False
Is 324907 a prime number?
False
Is 13748939 a prime number?
True
Is 1239770417 composite?
False
Is 144910673 prime?
True
Is 65924009 prime?
True
Is 16908449 composite?
True
Is 39244757 a composite number?
False
Is 37431643 a prime number?
True
Is 1334093 composite?
False
Is 11904339 a prime number?
False
Is 4931999 composite?
False
Is 346617041 composite?
False
Is 29175323 a prime number?
False
Is 16341277 composite?
True
Is 35361499 composite?
True
Is 6868987 a composite number?
False
Is 126172439 a composite number?
False
Is 10324409 a prime number?
True
Is 21923081 a prime number?
False
Is 16075685 a composite number?
True
Is 13247939 a composite number?
False
Is 6823181 prime?
False
Is 21455869 prime?
False
Is 386305747 composite?
True
Is 19539727 prime?
True
Is 249776819 prime?
True
Is 158654381 a prime number?
True
Is 4711541 a prime number?
False
Is 40478759 a composite number?
True
Is 12786647 a prime number?
False
Is 985417 prime?
True
Is 43657927 a composite number?
True
Is 21792481 a prime number?
False
Is 47657741 a prime number?
False
Is 18826023 a prime number?
False
Is 7837517 composite?
False
Is 2782181 prime?
False
Is 3443614 prime?
False
Is 54622721 a composite number?
False
Is 14003581 prime?
True
Is 9848477 prime?
False
Is 4210961 a prime number?
False
Is 3765409 a prime number?
True
Is 94298623 composite?
True
Is 69844409 a composite number?
False
Is 14727121 a composite number?
True
Is 2600581 a composite number?
False
Is 401887 a prime number?
True
Is 3712117 a prime number?
True
Is 1915183 a composite number?
False
Is 10432867 a composite number?
True
Is 39373219 composite?
False
Is 188722921 a prime number?
False
Is 3477947 composite?
True
Is 394171 a composite number?
True
Is 1953323 a prime number?
True
Is 1099841 a prime number?
True
Is 46022887 composite?
True
Is 113210329 a prime number?
True
Is 39559469 a composite number?
False
Is 2744941 composite?
True
Is 1897367 prime?
True
Is 3987007 a prime number?
False
Is 58054349 composite?
True
Is 120617 composite?
True
Is 3296339 prime?
True
Is 276593979 a composite number?
True
Is 126513479 composite?
False
Is 273881 a composite number?
False
Is 135444053 a prime number?
False
Is 29871911 a prime number?
False
Is 1129337 composite?
True
Is 387083 a prime number?
True
Is 62152099 composite?
False
Is 3457217 prime?
True
Is 20939593 composite?
False
Is 7518109 composite?
False
Is 1741741 prime?
True
Is 68721143 prime?
False
Is 7392907 prime?
True
Is 40696871 prime?
True
Is 73678117 prime?
True
Is 683609 composite?
True
Is 44076191 composite?
False
Is 1962119 composite?
False
Is 4373 a composite number?
False
Is 172969 a composite number?
False
Is 1420229 a prime number?
False
Is 25611083 a prime number?
True
Is 4803103 a composite number?
False
Is 301607087 a composite number?
False
Is 11569961 a composite number?
True
Is 60273739 composite?
False
Is 35519657 a composite number?
True
Is 1698773 a composite number?
False
Is 1057289963 prime?
True
Is 44653859 prime?
True
Is 17879207 prime?
True
Is 99347 composite?
False
Is 15972193 a prime number?
True
Is 419707 a prime number?
False
Is 309095027 a prime number?
True
Is 35970973 prime?
False
Is 132199267 a prime number?
True
Is 598997 a composite number?
True
Is 426013 prime?
False
Is 17096402 a prime number?
False
Is 4262963 a composite number?
True
Is 44936221 prime?
False
Is 366760951 composite?
True
Is 433931 a prime number?
True
Is 17046961 a composite number?
False
Is 5536345 composite?
True
Is 19787099 composite?
True
Is 190223323 a prime number?
False
Is 78540881 a composite number?
True
Is 382120283 a prime number?
False
Is 4807061 a prime number?
False
Is 27311369 prime?
False
Is 114358367 a prime number?
True
Is 72227881 composite?
True
Is 64534373 prime?
True
Is 12328133 prime?
True
Is 9634127 a prime number?
False
Is 1917389 a composite number?
True
Is 6214223 prime?
True
Is 8255029 prime?
True
Is 20333237 a composite number?
True
Is 142097 a composite number?
False
Is 531805871 composite?
False
Is 4668401 prime?
False
Is 1581060677 composite?
True
Is 3926723 prime?
False
Is 3264863 composite?
True
Is 435156349 prime?
True
Is 8864461 a prime number?
True
Is 1218839527 a prime number?
True
Is 40765103 composite?
False
Is 4768583 prime?
True
Is 2425973 a composite number?
True
Is 1936967 prime?
False
Is 74697691 a composite number?
False
Is 7331149 a prime number?
False
Is 98054819 prime?
False
Is 32170757 composite?
False
Is 27137087 a composite number?
False
Is 32914259 a prime number?
False
Is 11652503 a composite number?
True
Is 28249981 prime?
False
Is 91708301 prime?
True
Is 21367583 a composite number?
False
Is 1927307 composite?
True
Is 209835733 a prime number?
True
Is 99620753 prime?
True
Is 19896785 a composite number?
True
Is 1600834 a composite number?
True
Is 26360903 composite?
False
Is 2058041 prime?
True
Is 2360441 a prime number?
False
Is 4201621 a prime number?
True
Is 197603417 composite?
True
Is 726751 composite?
False
Is 666885749 composite?
False
Is 19980139 a composite number?
True
Is 50383103 composite?
False
Is 61857511 prime?
False
Is 246517729 composite?
False
Is 30176297 a composite number?
False
Is 17811769 a composite number?
True
Is 1353061 a composite number?
True
Is 1161991 a composite number?
False
Is 10220239 composite?
False
Is 3429287 a composite number?
False
Is 11510531 a prime number?
True
Is 233499107 composite?
False
Is 2023067 prime?
True
Is 971177 composite?
False
Is 123334877 a prime number?
True
Is 45379507 composite?
False
Is 238169891 composite?
False
Is 4426171 prime?
False
Is 634891 a prime number?
True
Is 5648251 prime?
False
Is 137567 composite?
False
Is 359783 a composite number?
False
Is 27846541 a composite number?
True
Is 38071427 composite?
False
Is 289131 composite?
True
Is 161910967 prime?
False
Is 193018813 prime?
False
Is 3301579 composite?
False
Is 122693149 prime?
True
Is 149759 composite?
False
Is 20436483 a composite number?
True
Is 6800609 a prime number?
True
Is 25405013 composite?
False
Is 17186579 a composite number?
False
Is 395606687 a prime number?
False
Is 42820835 a prime number?
False
Is 422567791 composite?
True
Is 17898847 a composite number?
False
Is 74970589 a prime number?
True
Is 279571 a composite number?
False
Is 9788